4
What is the highest common factor of 14 and 182?
14
What is the highest common factor of 100 and 75?
25
What is the highest common divisor of 56381 and 13?
13
Calculate the greatest common divisor of 72 and 160.
8
What is the greatest common divisor of 253 and 69?
23
Calculate the greatest common divisor of 676 and 4.
4
What is the greatest common divisor of 12 and 162?
6
What is the highest common factor of 35 and 10885?
35
Calculate the highest common factor of 126 and 3717.
63
Calculate the highest common factor of 315 and 840.
105
Calculate the highest common factor of 280 and 7910.
70
Calculate the highest common divisor of 632 and 88.
8
Calculate the greatest common factor of 1592 and 4975.
199
What is the highest common divisor of 54 and 48?
6
What is the greatest common divisor of 2430 and 10?
10
Calculate the highest common divisor of 110 and 8800.
110
What is the greatest common divisor of 255 and 1105?
85
What is the greatest common divisor of 198 and 108?
18
Calculate the greatest common divisor of 44025 and 75.
75
Calculate the greatest common divisor of 147 and 49.
49
Calculate the highest common factor of 23864 and 76.
76
Calculate the highest common divisor of 1344 and 126.
42
What is the greatest common factor of 50 and 70?
10
What is the highest common divisor of 180 and 270?
90
Calculate the highest common divisor of 40 and 30.
10
Calculate the greatest common divisor of 117 and 533.
13
Calculate the greatest common factor of 22 and 3487.
11
Calculate the greatest common factor of 1581 and 1209.
93
What is the highest common factor of 518 and 74?
74
What is the greatest common divisor of 45 and 25?
5
Calculate the highest common divisor of 78 and 48282.
78
What is the greatest common divisor of 9 and 9?
9
Calculate the highest common divisor of 1025 and 50.
25
What is the greatest common divisor of 21471 and 51?
51
Calculate the highest common factor of 472 and 3127.
59
What is the greatest common divisor of 3030 and 270?
30
Calculate the greatest common divisor of 136 and 40.
8
Calculate the greatest common factor of 1022 and 1241.
73
Calculate the greatest common divisor of 15 and 3.
3
Calculate the highest common factor of 352 and 7.
1
What is the highest common factor of 205 and 82?
41
What is the greatest common factor of 32454 and 108?
54
What is the highest common factor of 98 and 56?
14
What is the highest common divisor of 50 and 2030?
10
Calculate the highest common factor of 6304 and 160.
32
What is the highest common divisor of 760 and 950?
190
What is the highest common divisor of 282 and 384?
6
Calculate the highest common divisor of 1144 and 65.
13
Calculate the greatest common divisor of 482 and 5543.
241
Calculate the greatest common factor of 1440 and 315.
45
Calculate the greatest common divisor of 64 and 576.
64
Calculate the highest common divisor of 24 and 26952.
24
Calculate the greatest common divisor of 274 and 7809.
137
What is the greatest common factor of 3553 and 5491?
323
What is the greatest common divisor of 3296 and 1339?
103
What is the highest common factor of 184 and 69?
23
What is the greatest common factor of 4 and 424?
4
Calculate the greatest common divisor of 646 and 684.
38
What is the greatest common divisor of 11 and 55?
11
Calculate the highest common factor of 504 and 48.
24
Calculate the highest common divisor of 12 and 417.
3
Calculate the highest common divisor of 261 and 348.
87
Calculate the highest common factor of 28 and 455.
7
What is the greatest common divisor of 11401 and 91?
13
What is the greatest common divisor of 9 and 819?
9
Calculate the greatest common divisor of 243 and 189.
27
Calculate the greatest common factor of 27 and 2727.
27
What is the highest common factor of 273 and 1404?
39
Calculate the highest common divisor of 42 and 1542.
6
What is the highest common factor of 45 and 845?
5
What is the highest common divisor of 48 and 9?
3
Calculate the highest common factor of 4 and 1024.
4
Calculate the greatest common factor of 198 and 2046.
66
What is the greatest common factor of 760 and 228?
76
Calculate the greatest common divisor of 778 and 10.
2
Calculate the highest common divisor of 17 and 323.
17
What is the highest common factor of 2188 and 12?
4
Calculate the greatest common divisor of 121 and 110.
11
What is the highest common divisor of 20 and 160?
20
Calculate the greatest common factor of 14 and 254.
2
Calculate the highest common divisor of 63 and 231.
21
Calculate the greatest common divisor of 484 and 374.
22
What is the greatest common divisor of 72 and 612?
36
Calculate the highest common divisor of 88 and 121.
11
Calculate the highest common factor of 208 and 144.
16
Calculate the highest common factor of 14119 and 14.
7
Calculate the greatest common divisor of 63 and 225.
9
What is the highest common factor of 168 and 3556?
28
Calculate the greatest common divisor of 980 and 180.
20
Calculate the greatest common divisor of 44 and 99.
11
What is the greatest common divisor of 294 and 28?
14
What is the greatest common divisor of 126 and 539?
7
Calculate the greatest common factor of 1649 and 34.
17
Calculate the highest common divisor of 6 and 30.
6
Calculate the greatest common divisor of 52 and 14066.
26
What is the greatest common divisor of 29 and 116?
29
Calculate the highest common factor of 13 and 832.
13
What is the greatest common factor of 190 and 38?
38
Calculate the highest common divisor of 25 and 35.
5
Calculate the highest common divisor of 2024 and 704.
88
Calculate the greatest common divisor of 171 and 285.
57
Calculate the greatest common divisor of 450 and 54.
18
Calculate the highest common factor of 231 and 168.
21
What is the greatest common factor of 20189 and 13?
13
Calculate the highest common factor of 4610 and 70.
10
What is the greatest common factor of 25 and 75?
25
What is the greatest common factor of 32272 and 8?
8
Calculate the greatest common divisor of 2597 and 49.
49
Calculate the highest common factor of 121 and 968.
121
What is the greatest common divisor of 72 and 88?
8
Calculate the highest common divisor of 764 and 2.
2
What is the greatest common factor of 6 and 786?
6
Calculate the highest common divisor of 220 and 500.
20
What is the greatest common divisor of 118 and 6549?
59
Calculate the greatest common divisor of 28 and 21.
7
Calculate the greatest common divisor of 132 and 682.
22
Calculate the highest common divisor of 259 and 1743.
7
Calculate the greatest common factor of 91 and 26.
13
Calculate the greatest common factor of 12 and 12.
12
What is the highest common factor of 6 and 48?
6
What is the highest common factor of 575 and 2450?
25
Calculate the greatest common divisor of 9984 and 18.
6
Calculate the greatest common divisor of 4 and 188.
4
What is the greatest common factor of 14 and 1190?
14
Calculate the greatest common factor of 330 and 242.
22
What is the highest common factor of 24 and 21?
3
Calculate the highest common divisor of 2 and 612.
2
Calculate the greatest common factor of 60 and 1380.
60
Calculate the highest common factor of 8 and 1016.
8
What is the highest common factor of 49 and 637?
49
What is the highest common factor of 493 and 29?
29
Calculate the highest common divisor of 16 and 548.
4
What is the greatest common factor of 704 and 24?
8
What is the highest common divisor of 24 and 22856?
8
What is the highest common factor of 160 and 360?
40
Calculate the greatest common factor of 98 and 196.
98
What is the highest common divisor of 1998 and 1458?
54
What is the greatest common factor of 14155 and 190?
95
What is the greatest common factor of 17 and 119?
17
Calculate the highest common divisor of 708 and 12.
12
What is the greatest common divisor of 21 and 2625?
21
What is the greatest common factor of 24 and 872?
8
What is the highest common divisor of 1575 and 125?
25
What is the greatest common divisor of 363 and 3?
3
What is the greatest common factor of 456 and 48?
24
What is the greatest common divisor of 768 and 6?
6
Calculate the highest common divisor of 89 and 3649.
89
Calculate the greatest common factor of 35 and 112.
7
Calculate the highest common factor of 30 and 270.
30
Calculate the greatest common factor of 1122 and 198.
66
What i